s the remainder when s is divided by u?
11
Let f be (5 - (-2 - -6)) + 3. Suppose -5*t = f*s - 0*t - 120, -90 = -3*s - t. What is the remainder when s is divided by 8?
6
Let c(x) = -x**3 - 19*x**2 + x + 45. Suppose -5*r = l + 90, -3*r + l = r + 81. Calculate the remainder when 128 is divided by c(r).
24
Let u = 33 - -46. Let d be (-2 + 2)/3 - -1. Calculate the remainder when u/d - (-4 + 6) is divided by 39.
38
Let x(b) = -b**3 + 8*b**2 - 15*b + 53. What is the remainder when x(5) is divided by 11?
9
Let q(x) = 9*x**2 - 1. Suppose 0 = -2*r + 3*m - 5, -r - 7*m - 8 = -3*m. Let a(w) = 2*w + 22. Calculate the remainder when a(r) is divided by q(-1).
6
What is the remainder when 158 is divided by 59 - (34/153 + (-4)/18)?
40
Let z = 16 + -12. Suppose -2*m - 3*c + 20 = 3*m, -16 = -4*m + z*c. Suppose -3*g = -m*g + 23. Calculate the remainder when g is divided by 8.
7
Let i(n) = n**3 - 6*n**2 - n + 2. Let c be i(5). Let l = c + 32. Calculate the remainder when 9 is divided by l.
1
Suppose 4 = -4*b - 3*d + 444, -3*d = -b + 95. Calculate the remainder when b is divided by 27.
26
Suppose 2*o - 10 = 2*a + 2, 9 = 2*o + a. Suppose -x = -o + 3. Suppose 3*f = x*m + 73, f - 128 = -4*f - 3*m. Calculate the remainder when f is divided by 9.
7
Calculate the remainder when (-2)/(-2)*3*30 is divided by 23.
21
Let o(k) = -k**3 + 2*k**2 - 2*k - 42. Let n be o(0). Calculate the remainder when (2 - (-1)/((-12)/28))*n is divided by 3.
2
Suppose -5*k + 206 = 5*o + 51, -89 = -3*o + k. Suppose 54 = i - y + 6*y, 0 = -2*i - 4*y + 120. Let x = o + i. Calculate the remainder when x is divided by 24.
22
Let c(j) = j**3 + 6*j**2 - 11*j - 7. What is the remainder when c(-7) is divided by (-20 - -18) + (-1 - (-17 + 2))?
9
What is the remainder when (-33)/(-27) + -1 - (-10712)/72 is divided by 44?
17
Let v = -230 + 328. What is the remainder when v is divided by (-206)/(-8) + 6/(-8)?
23
Suppose 0 = -2*q - 4 + 44. Suppose 0*r - 2*o + q = r, 0 = 2*o - 4. Calculate the remainder when r is divided by 7.
2
Let w(z) = -7*z - 1. Let b(t) = 3*t**3 + 15*t**2 - 3*t - 8. Calculate the remainder when w(-4) is divided by b(-5).
6
Let q be -2 + -2 + (10 - 2). Suppose -4*m - 2 + 81 = -5*l, 2*m + l = 29. Suppose -q*x - m = -84. Calculate the remainder when 48 is divided by x.
14
Let i(g) = g**3 + 7*g**2 + 5*g + 5. Let y be 8/6*(-135)/(-60) + -9. Suppose 47 = p + 5. Calculate the remainder when p is divided by i(y).
9
Let n = 199 + 195. Calculate the remainder when n is divided by 11.
9
Let h(w) = 4*w + 36. Let y be h(-8). Suppose y*i - 2*i = 36. Calculate the remainder when i is divided by 5 - ((-4)/2 + 0).
4
Let t(h) = 2*h - 3. Let p be t(-4). Let j(f) = f + 15. Let b be j(p). Suppose -b*g - 1 = -25. What is the remainder when g is divided by 4?
2
Let d be (1 + 5/(-2))*-30. Let c be (4 - -1 - 2) + d. Suppose c = 2*q + 2*q. Calculate the remainder when 21 is divided by q.
9
Let h = -144 - -252. Let g be (-2)/(3*2/(-9)). Suppose -g*b + h = b. Calculate the remainder when 51 is divided by b.
24
Suppose 2*n + 5 = -3*j - 1, -j = 4. Suppose 2*k - 6*k = 5*c - 227, -n*k + 135 = 3*c. Calculate the remainder when c is divided by 13.
8
Let s(h) = 7*h - 4. Let a be s(3). Suppose -1 - a = -o. Let l(j) = -j**2 - 59*j + 327. Calculate the remainder when o is divided by l(-64).
4
Calculate the remainder when -80 - -75 - 78/(-2) is divided by (18/8)/((-3)/(-16)).
10
Calculate the remainder when 0 + 3618/(-36)*32/(-12) is divided by 133.
2
Let s(w) = -w**2 - w. Let f be s(0). Suppose f = 2*b - 0*b - 52. What is the remainder when 76 is divided by b?
24
Let x be (-2)/(-1) + -5 + 6. Let o(r) = 2*r**3 - 3*r**2 - 5*r + 4. Let p(s) = -s**3 - s**2 + s + 45. Calculate the remainder when p(0) is divided by o(x).
13
Let w(x) = -x**2 + x + 127. What is the remainder when 46 is divided by w(11)?
12
Let v = 175 - 128. Calculate the remainder when v is divided by 7.
5
Let y be (-2)/6 - (-5)/15. What is the remainder when (y + 2 - 18)/(-1) is divided by 24/(-8)*-1 - -3?
4
Let b = 21 + -9. Let t(i) = -13*i + 227. What is the remainder when t(14) is divided by b?
9
Let n(k) = -11*k - 4. Let l(j) = 32*j + 11. Let o(r) = -3*l(r) - 8*n(r). Calculate the remainder when (58/3)/((-1)/(-3)) is divided by o(-2).
13
Let u = -259 - -345. Calculate the remainder when u is divided by 18.
14
What is the remainder when 59 is divided by 94/6 - (-26)/(-39)?
14
Suppose -4*l - 4*q + 4 = 0, l - 2*l - 3 = 5*q. Let m(i) = 6*i + 22. Let n be m(-3). Suppose n*p = 9*p - 5. What is the remainder when l is divided by p?
0
Let m(k) = 4*k**2 - 3*k - 3. Let p(r) = r + 15. Let l be p(-17). Calculate the remainder when m(4) is divided by 124/5 - l/10.
24
Suppose -5*h + 3*c + 1176 = 6*c, 720 = 3*h - 3*c. What is the remainder when h is divided by 119?
118
Let a be ((-8)/(-2))/(12/27). What is the remainder when (-1 - -57)*(a + -8) is divided by 19?
18
Let j = 1381 - 1319. Calculate the remainder when j is divided by 31.
0
Let s = 148 + -87. Suppose 8*w - 16*w = -128. What is the remainder when s is divided by w?
13
Let h = 361 + -316. What is the remainder when h is divided by 12?
9
Let n = 13 - -5. Let w be n/3*(-6)/(-12). Suppose -w*o + 45 = 2*o. Calculate the remainder when o is divided by 6.
3
Let s(u) = 5*u - 12. Let r be (3 + -30)*(-1)/3. Suppose 5*w - 2*k = 33 + 10, -3*k - 24 = -3*w. What is the remainder when s(r) is divided by w?
6
Suppose 3*l + 138 = 5*l. Let c(q) = 6*q + 169. What is the remainder when l is divided by c(-24)?
19
Let p(l) = -13*l - 12*l - 13*l + l**3 + 13*l**2 + 7 + 36*l. Calculate the remainder when p(-13) is divided by 9.
6
Let o(b) = 5 - 6 + 18*b - 3*b. Let v(c) = 2*c - 12. Calculate the remainder when o(1) is divided by v(10).
6
Let h = 5 - 3. Let o(t) = -5*t + 94. What is the remainder when o(18) is divided by h?
0
Let s = -8 - -11. Suppose 0*y - 9 = -s*y. Suppose 3*u + 3*p - 93 = 0, -y*u + 151 = 2*u + 4*p. What is the remainder when u is divided by 15?
12
What is the remainder when 174 is divided by (-40)/(-3)*((-216)/(-30))/6?
14
Let t(m) = m**2 + 4*m - 7. Let a be t(-6). Suppose 3*l = a*l - 58. Suppose -3*j = 2*j - 80. What is the remainder when l is divided by j?
13
Let y = 479 + -468. Let q = 101 + -59. Calculate the remainder when q is divided by y.
9
Let s = -8 - -13. Suppose -103 - 27 = -s*d. What is the remainder when 128 is divided by d?
24
Let k(l) = 12*l - 20. Suppose 0 = -5*f + 2*y + 124, -55 = -f - f - y. What is the remainder when k(10) is divided by f?
22
Suppose -28*p + 27*p + 59 = 3*m, 0 = -4*m + p + 88. What is the remainder when 269 is divided by m?
17
Suppose -12637 - 26729 = -18*f. What is the remainder when f is divided by 30?
27
Suppose 0 = -3*z + 2*z - f + 313, -8*f = 2*z - 626. What is the remainder when z is divided by 111?
91
Suppose -10*k + 532 = -48. Calculate the remainder when 228 is divided by k.
54
Suppose -2*h - 12 = -3*y - 0, 0 = -h + 5*y - 20. Suppose h*n - 3*n + 3*o + 24 = 0, 4*o = -8. What is the remainder when n is divided by 2?
0
Let b = 1566 + -1448. What is the remainder when b is divided by 47?
24
Suppose -3*v + 5*l + 5 = 0, -v + 5*l = -2*v + 15. Suppose u = v, 3*q + 5*u - u - 197 = 0. Calculate the remainder when q is divided by 12.
11
Suppose 0 = 3*h + k - 64, 3*k - 24 = 18*h - 19*h. Calculate the remainder when 335 is divided by h.
20
Suppose 24 = 4*n - 88. Calculate the remainder when n is divided by 17.
11
Let j(m) be the third derivative of 0 - 13/30*m**6 + 0*m**3 + 1/24*m**4 + 5*m**2 + 1/60*m**5 + 0*m. Calculate the remainder when j(-1) is divided by 14.
10
Let t(f) = -20*f - 40. Let a be t(-5). Calculate the remainder when (-2)/((-4)/1)*a - 3 is divided by 7.
6
Let j = -3 - -26. Let t = j + -1. What is the remainder when 84 is divided by t?
18
Suppose -b = -2*b + 6. Let g = b - 11. Let l(s) = -s**3 - 2*s**2 + 7*s. Calculate the remainder when l(g) is divided by 21.
19
Let b be 5*(-1)/(-1) + -3. Suppose b*t = -2*t + 76. Calculate the remainder when t is divided by (12 - 3) + -10 + 8.
5
Suppose -5*p = -19 - 6. Suppose u - 150 = -r - r, -p*u = -2*r + 150. What is the remainder when r is divided by 26?
23
Let j(w) = 5*w**3 - 5*w**2 - 3*w + 2. Suppose 82 = -2*t + 26. What is the remainder when t/6*(-5 + -1) is divided by j(2)?
12
Let c = -17 + 28. Let s be -2 - (-1 + 0) - -14. What